29, 191, 2969
What are the prime factors of 100812389?
167, 603667
What are the prime factors of 84005106?
2, 3, 53, 264167
What are the prime factors of 15627745?
5, 7, 151, 2957
What are the prime factors of 231425462?
2, 47, 2461973
List the prime factors of 598741613.
6163, 97151
List the prime factors of 408090300.
2, 3, 5, 67, 79, 257
What are the prime factors of 807767070?
2, 3, 5, 11, 17, 137, 1051
What are the prime factors of 8169742490?
2, 5, 7, 13, 983, 9133
What are the prime factors of 81599108?
2, 73, 113, 2473
What are the prime factors of 55707833?
43, 73, 17747
List the prime factors of 311234915.
5, 19, 3276157
What are the prime factors of 145086507?
3, 23, 29, 24169
List the prime factors of 144436865.
5, 28887373
List the prime factors of 4046940619.
101, 307, 130517
List the prime factors of 174413342.
2, 87206671
List the prime factors of 370831145.
5, 31, 2392459
What are the prime factors of 969880026?
2, 3, 161646671
What are the prime factors of 599484618?
2, 3, 19, 557, 1049
What are the prime factors of 48960882?
2, 3, 23, 79, 499
What are the prime factors of 4118751143?
13, 17, 18636883
What are the prime factors of 549682030?
2, 5, 54968203
What are the prime factors of 129648261?
3, 197, 219371
What are the prime factors of 1285347?
3, 7, 97, 631
List the prime factors of 231973099.
231973099
What are the prime factors of 507436440?
2, 3, 5, 7, 47, 12853
List the prime factors of 87019111.
29, 103471
What are the prime factors of 473196709?
227, 2084567
List the prime factors of 240996892.
2, 2243, 26861
What are the prime factors of 301813539?
3, 797, 126229
What are the prime factors of 704811753?
3, 31, 43, 19583
List the prime factors of 102911206.
2, 51455603
List the prime factors of 115196019.
3, 41, 347, 2699
What are the prime factors of 73311270?
2, 3, 5, 509, 4801
List the prime factors of 125044253.
125044253
What are the prime factors of 12646460?
2, 5, 632323
List the prime factors of 604663819.
5647, 107077
What are the prime factors of 55222717?
11, 5020247
What are the prime factors of 1143438510?
2, 3, 5, 38114617
What are the prime factors of 2522208861?
3, 31138381
What are the prime factors of 2982145513?
19, 3527, 44501
What are the prime factors of 1074623073?
3, 127, 569, 4957
List the prime factors of 714741938.
2, 357370969
What are the prime factors of 1185319477?
1185319477
List the prime factors of 16579149.
3, 5526383
List the prime factors of 224511500.
2, 5, 73, 6151
What are the prime factors of 167102060?
2, 5, 29, 41, 7027
List the prime factors of 6989544419.
11, 13, 241, 15601
List the prime factors of 2125007057.
4231, 502247
What are the prime factors of 2040296895?
3, 5, 7, 13, 43, 11587
List the prime factors of 1336923330.
2, 3, 5, 83, 536917
What are the prime factors of 3944974?
2, 11, 179317
What are the prime factors of 1459172311?
997, 1463563
What are the prime factors of 298187877?
3, 13, 7645843
What are the prime factors of 1517921304?
2, 3, 63246721
What are the prime factors of 207154753?
13, 15934981
List the prime factors of 1389704.
2, 173713
List the prime factors of 149911797.
3, 7, 17, 419921
List the prime factors of 351696921.
3, 787, 148961
What are the prime factors of 7930840069?
101, 78523169
What are the prime factors of 19111979?
757, 25247
List the prime factors of 597414444.
2, 3, 11, 41, 167, 661
List the prime factors of 59038573.
11, 2099, 2557
What are the prime factors of 417517221?
3, 11, 149, 84913
List the prime factors of 93541438.
2, 46770719
List the prime factors of 1053517043.
6949, 151607
What are the prime factors of 72157662?
2, 3, 1336253
What are the prime factors of 142443771?
3, 6823, 6959
What are the prime factors of 1584133553?
113, 14018881
List the prime factors of 1107968078.
2, 7, 79140577
List the prime factors of 154106960.
2, 5, 7, 39313
What are the prime factors of 3963114092?
2, 7, 43, 367, 8969
List the prime factors of 292046268.
2, 3, 24337189
What are the prime factors of 32946503?
101, 326203
List the prime factors of 408941292.
2, 3, 34078441
What are the prime factors of 35529605?
5, 929, 7649
List the prime factors of 507275450.
2, 5, 11, 389, 2371
What are the prime factors of 523192361?
1249, 418889
What are the prime factors of 115722955?
5, 23144591
List the prime factors of 571773128.
2, 1019, 70139
List the prime factors of 647834026.
2, 7, 89, 519931
What are the prime factors of 2611334244?
2, 3, 167, 1303061
What are the prime factors of 2036449503?
3, 11, 20570197
What are the prime factors of 436891575?
3, 5, 5825221
List the prime factors of 1590157409.
83, 2777, 6899
What are the prime factors of 3766194399?
3, 11, 17, 89, 75431
What are the prime factors of 115473081?
3, 6053, 6359
What are the prime factors of 83465709?
3, 41, 43, 367
What are the prime factors of 22355131?
71, 179, 1759
What are the prime factors of 4409795416?
2, 13, 3261683
What are the prime factors of 100633559?
13, 7741043
What are the prime factors of 64233696?
2, 3, 383, 1747
List the prime factors of 1835235181.
13, 1409, 100193
What are the prime factors of 1675442096?
2, 71, 1474861
List the prime factors of 24256214.
2, 23, 43, 12263
What are the prime factors of 1206286728?
2, 3, 37, 179, 7589
List the prime factors of 51378029.
17, 3022237
What are the prime factors of 14023444?
2, 19, 37, 4987
What are the prime factors of 25480348?
2, 17, 97, 3863
List the prime factors of 86457947.
86457947
List the prime factors of 110537543.
110537543
List the prime factors of 36885771.
3, 13, 24251
List the prime factors of 36180611.
36180611
What are the prime factors of 549439027?
8647, 63541
List the prime factors of 2646571556.
2, 31, 67, 318557
What are the prime factors of 308929053?
3, 3533, 29147
What are the prime factors of 950311358?
2, 179, 2654501
List the prime factors of 891483476.
2, 13, 37, 563, 823
List the prime factors of 353539201.
353539201
What are the prime factors of 1876064602?
2, 938032301
What are the prime factors of 1014906380?
2, 5, 103, 492673
What are the prime factors of 8193809012?
2, 2341, 875033
List the prime factors of 2155526962.
2, 43, 25064267
What are the prime factors of 71652093?
3, 17, 907, 1549
List the prime factors of 173030368.
2, 7, 163, 677
List the prime factors of 150347220.
2, 3, 5, 53, 47279
What are the prime factors of 42243871?
761, 55511
List the prime factors of 510547400.
2, 5, 11, 17, 73
What are the prime factors of 19885634?
2, 61, 162997
What are the prime factors of 35445420?
2, 3, 5, 196919
What are the prime factors of 147351389?
147351389
List the prime factors of 736959769.
7, 13, 8098459
List the prime factors of 428904260.
2, 5, 3491, 6143
What are the prime factors of 8950527?
3, 331501
What are the prime factors of 333779692?
2, 521, 160163
List the prime factors of 66234302.
2, 5281, 6271
List the prime factors of 347495785.
5, 7, 13, 367, 2081
List the prime factors of 6500920377.
3, 7, 17, 18209861
List the prime factors of 10466242.
2, 23, 47, 103
What are the prime factors of 46579505?
5, 7, 1330843
List the prime factors of 67318866.
2, 3, 631, 5927
List the prime factors of 43354639.
37, 1171747
What are the prime factors of 4428795?
3, 5, 7, 42179
What are the prime factors of 335207914?
2, 173, 968809
What are the prime factors of 233186073?
3, 101, 769591
What are the prime factors of 33293159?
33293159
What are the prime factors of 652395134?
2, 19, 17168293
List the prime factors of 1266347864.
2, 158293483
List the prime factors of 1717870227.
3, 61, 9387269
What are the prime factors of 489693904?
2, 7, 4372267
What are the prime factors of 30994634?
2, 11, 211, 607
List the prime factors of 333557047.
131, 2546237
What are the prime factors of 210995424?
2, 3, 31, 23633
List the prime factors of 103720020.
2, 3, 5, 67, 25801
List the prime factors of 31185317.
31185317
What are the prime factors of 5960697?
3, 1986899
What are the prime factors of 174395985?
3, 5, 37, 314227
What are the prime factors of 609493963?
13, 46884151
What are the prime factors of 77051190?
2, 3, 5, 2568373
List the prime factors of 695878624.
2, 7, 3106601
What are the prime factors of 1175890572?
2, 3, 5087, 6421
What are the prime factors of 12